emainder when 49 is divided by r(k)?
15
Let c(q) = 0*q**3 - q**3 - 5*q**2 + 2*q**2 + 4. Let b be c(-3). Calculate the remainder when 37 is divided by 26/b*(1 + 1).
11
Suppose -43*c = -36*c - 777. Calculate the remainder when c is divided by 38.
35
Let p(r) = r**2 - 5*r - 2. Let h = -13 + 9. Let i be p(h). Let f = -13 + i. Calculate the remainder when f is divided by 11.
10
Suppose -2*f - 3*y = -22, 2*f - 6*y - 38 = -y. What is the remainder when 25 is divided by f?
11
Let k be 58 + 1*1/1. Suppose 4*a - 89 = k. Calculate the remainder when a is divided by 13.
11
Suppose 0 = -2*a - 4*x + 10, -2*a = -3*a - 4*x + 7. Calculate the remainder when 2/(-2) + 36/2 is divided by a/12 - 35/(-4).
8
Let x = 11 + -2. Let l(z) = z**2 - 8*z - 2. What is the remainder when 13 is divided by l(x)?
6
Let h = -22 + 50. Let p = -169 - -179. Calculate the remainder when h is divided by p.
8
Let q(t) = 20*t**2 - 3*t + 2. What is the remainder when 75 is divided by q(1)?
18
Let p be (-5 + 3 - -4) + 0. Let w(b) = b**2 + b - 2. Let f(x) = -11*x**3 + x + 1. Calculate the remainder when f(-1) is divided by w(p).
3
Let i(x) = x**3 + 8*x**2 - 8. Let d be i(-7). Suppose -3*w + 52 = -d. Let f = -12 - -23. Calculate the remainder when w is divided by f.
9
Let y(c) = -c**2 - 9*c + 12. Calculate the remainder when 38 is divided by y(-8).
18
Let d = 1 + 0. Let a = -11 - -15. What is the remainder when 21 is divided by a/1 + d*2?
3
Let w = -4 + 11. Let v = w - 1. Calculate the remainder when v is divided by 4.
2
Suppose -2*k = 5*z + k - 34, z = 4*k - 7. Suppose 0 = -2*l + 7 + z. Let n(m) = m**2 - 4*m - 6. What is the remainder when 16 is divided by n(l)?
4
Suppose -2*v = -2*l - 78, l - 23 = -5*v + 178. Suppose 0 = 3*x - 2*x - v. Let g = x + -26. What is the remainder when g is divided by 8?
6
Let h be -2 + 1 - (1 + -2). Calculate the remainder when 276/14 - 6/(-21) is divided by (h - 1)*1*-11.
9
Let s = -3 + 14. Let a(v) = -3*v + 17*v + 2*v. What is the remainder when a(2) is divided by s?
10
Let m(k) = 8*k**3 - k**2 + 3*k - 2. Suppose j - 4*q = 5 + 28, 4*q - 35 = -3*j. Calculate the remainder when m(2) is divided by j.
13
Suppose -4*s - 45 = s. Let b = -5 - s. What is the remainder when 11 is divided by b?
3
Calculate the remainder when ((-26)/6)/((-3)/18) is divided by 26*3/6 + -4.
8
Let t be (-1)/(-2)*1*10. Suppose 2*h = t*k - 34, -2*h + 11 + 3 = 3*k. What is the remainder when (-3)/7 - 1/(7/(-122)) is divided by k?
5
Let a be (5 + -6)*2/(-2). Calculate the remainder when 23 is divided by (a + -3)*26/(-4).
10
Let u = -3 - -6. What is the remainder when u is divided by 2?
1
Let f(k) = -k**3 - 8*k**2 - k + 1. Let q be f(-8). Let u = q - 8. Let i = 10 + -8. What is the remainder when i is divided by u?
0
Let a be (-1 - 0) + -67 + -1. Let t = -13 - a. What is the remainder when t is divided by 19?
18
Suppose -8 = 2*q, -2*d - d + 3*q = -30. Let r = 6 + -3. What is the remainder when d is divided by r?
0
Suppose 4*c - 2*c = 3*v - 54, -5*v = 2*c - 106. Suppose -3*d = -5*d - p + v, 0 = -3*p - 12. Calculate the remainder when 22 is divided by d.
10
Let m(j) = 2*j**3 - 3*j**2 - 5*j - 3. What is the remainder when 1 + -2 - 16/(-1) is divided by m(3)?
6
Let a(n) = n**3 - 4*n**2 + 3*n + 5. What is the remainder when 0 - ((-3)/(-1) - 53) is divided by a(4)?
16
Suppose 4 = 5*n - 16. Suppose -24 = -n*g - 4*c - 0*c, -5*g = 3*c - 32. Calculate the remainder when -1 + 13 + 0 + 1 is divided by g.
6
Let l = 41 + -26. What is the remainder when 24 is divided by l?
9
Suppose 0 = -4*x - 50 - 10. Let y = 29 + x. Suppose 3*d + 132 = 3*p, -2*p - p + 2*d + 128 = 0. What is the remainder when p is divided by y?
12
Let i = -6 + 17. Let f(a) = a**3 - 7*a**2 + 8*a - 8. Calculate the remainder when i is divided by f(6).
3
Suppose 0*v - 2*v - 25 = -l, 5*l + 4*v = 139. Let x(i) = i**3 - 2*i**2 + 2. Let m be x(-2). What is the remainder when l is divided by m*(1 - 2) - 0?
13
Suppose 3 = n, 3*n - 5*n = s - 10. Calculate the remainder when 7 is divided by s.
3
Let h(p) = -p + 1. Let j(b) = b. Let u(a) = h(a) - 2*j(a). Suppose 4*w - 89 = 11. What is the remainder when w is divided by u(-4)?
12
Suppose h - 18 = 8. Suppose 0 = -3*b + 6 + 36. Suppose b + 14 = 2*q. Calculate the remainder when h is divided by q.
12
Let v be 72/33 - 2/11. Let q = 0 + v. Suppose 2*p = -m + 4, -4 = 2*p + q*p. Calculate the remainder when 11 is divided by m.
5
Suppose -2*u = 3*f - 61, -6*f + 107 = -f + 2*u. What is the remainder when 41 is divided by f?
18
Let a be 82*(-1 - (-2)/(-4)). Let w be a/(-15) + 2/(-10). What is the remainder when (-214)/(-14) - w/28 is divided by 8?
7
Let g(a) = -a**3 - 6*a**2 + 4*a - 9. What is the remainder when 44*(3 - 1)/4 is divided by g(-7)?
10
Suppose -4*w + 1 = 4*g - 43, 0 = 3*g - 6. Let a = 40 + -15. What is the remainder when a is divided by w?
7
Let k = -101 + 212. What is the remainder when k is divided by 19?
16
Suppose -3*q + 37 = -20. Calculate the remainder when q is divided by 11.
8
Let t(d) = 25*d**3 + 2*d**2 - d - 1. Let h(v) = -13*v. Let i be 0/(1*-2) + -1. What is the remainder when t(1) is divided by h(i)?
12
Let b = -149 - -194. Let y(m) = -3*m**3 - 4*m**2 - m + 2. Calculate the remainder when b is divided by y(-2).
9
Let a(f) = f**3 + 6*f**2 - 6*f - 6. Suppose -6*q + 68 = -2*q. What is the remainder when a(-5) is divided by q?
15
Let x(b) = -b - 9. Let z be x(-9). Suppose -4*f + q = -92, z*f - f + 44 = 5*q. What is the remainder when f is divided by 9?
6
Let h(n) = -n + 32. What is the remainder when h(15) is divided by 3?
2
Let u = 130 - 70. Suppose -2*t + u = 3*i - i, -i = -4*t + 125. Calculate the remainder when t is divided by 11.
9
Suppose -5*u = -x + 44, -4*x = -0*u + 3*u - 176. What is the remainder when x is divided by 15?
14
Suppose -190 = y - 6*y. Calculate the remainder when 73 is divided by y.
35
Let k = -3 - -8. Suppose 5*o = 2*j + k - 17, -2*o - 12 = -2*j. What is the remainder when 11 is divided by j?
5
Let j be (2 + 0)*(-1)/(-1). Suppose j*h = -2*h + 44. Let k(x) = 2*x - 6. What is the remainder when h is divided by k(6)?
5
Suppose 5*n = n + 12. What is the remainder when 10 is divided by n?
1
Suppose 5*l - 46 = 209. Calculate the remainder when l is divided by 18.
15
Let m(d) = 6*d**2 + 2*d + 1. What is the remainder when 85 is divided by m(2)?
27
Let p be 2 + (-2 - -2) - -8. Suppose -9*s + 4*s = -p. Suppose -5 = -s*r - 3*r. What is the remainder when 2 is divided by r?
0
Let h = 121 + -73. Suppose -3*o + 150 - h = 0. What is the remainder when o is divided by 9?
7
Suppose 0 = 38*s - 34*s - 68. What is the remainder when 50 is divided by s?
16
Let q(k) = 3*k**2 - k + 4. Calculate the remainder when 123 is divided by q(-2).
15
Let l = 26 - 7. What is the remainder when l is divided by 7?
5
Suppose -8*u + 9*u = 39. Calculate the remainder when u is divided by 21.
18
Let o(q) be the first derivative of -q**4/4 - q**3 - 3*q**2/2 - 6*q + 3. Let c be o(-4). Let u = c - -6. What is the remainder when u is divided by 15?
13
Suppose -409 = -6*g + 263. Calculate the remainder when g is divided by 23.
20
Let z(s) = s**2 + 5*s + 4. Suppose -4*g = -5*l - 29, g = l + 2 + 4. Let h be z(l). What is the remainder when 47 is divided by (-2 - h)/((-18)/48)?
15
Suppose -56 = -0*b - 4*b. Let k(z) be the third derivative of z**6/120 + 2*z**5/15 - z**4/2 - z**3/6 - z**2. What is the remainder when k(-9) is divided by b?
12
Suppose 8 + 15 = l. What is the remainder when l is divided by 13?
10
Let w(m) = -5*m - 7. What is the remainder when w(-6) is divided by 8?
7
Let q(a) be the third derivative of -a**6/120 + 7*a**5/60 + 5*a**4/12 - 7*a**3/6 - 5*a**2. Let p = 44 + -28. Calculate the remainder when p is divided by q(8).
7
Let x = 27 - -35. Calculate the remainder when x is divided by 21.
20
Suppose 20 = -0*d + 4*d. Suppose -4 = a - 3*a, k - d*a = -2. What is the remainder when (20/(-6) + -4)*-3 is divided by k?
6
Let o(s) = 4*s - 2. Calculate the remainder when 7 is divided by o(1).
1
Let v be 1 + (-6)/8 + (-27)/12. Let k be 2/(-2) + (16 - 0). What is the remainder when k - (-4)/v - 2 is divided by 7?
4
Let k(b) = -37*b**3 + 1. Let l = -14 + 24. Calculate the remainder when k(-1) is divided by l.
8
Suppose 65 = 4*w - 5*c - 31, -2*w + c + 42 = 0. Let b = -29 + 84. What is the remainder when b 